{"id":217,"date":"2019-11-09T02:21:23","date_gmt":"2019-11-08T18:21:23","guid":{"rendered":"https:\/\/estudiolotus.com\/fotografo\/?page_id=217"},"modified":"2020-02-05T01:35:37","modified_gmt":"2020-02-04T17:35:37","slug":"paquete-de-book","status":"publish","type":"page","link":"https:\/\/estudiolotus.com\/fotografo\/paquete-de-book\/","title":{"rendered":"Sesi\u00f3n de fotos"},"content":{"rendered":"\t\t<div data-elementor-type=\"wp-page\" data-elementor-id=\"217\" class=\"elementor elementor-217\">\n\t\t\t\t\t\t<section class=\"elementor-section elementor-top-section elementor-element elementor-element-1af7bffe elementor-section-boxed elementor-section-height-default elementor-section-height-default\" data-id=\"1af7bffe\" data-element_type=\"section\" data-e-type=\"section\">\n\t\t\t\t\t\t<div class=\"elementor-container elementor-column-gap-default\">\n\t\t\t\t\t<div class=\"elementor-column elementor-col-100 elementor-top-column elementor-element elementor-element-5cd94ef0\" data-id=\"5cd94ef0\" data-element_type=\"column\" data-e-type=\"column\">\n\t\t\t<div class=\"elementor-widget-wrap elementor-element-populated\">\n\t\t\t\t\t\t<div class=\"elementor-element elementor-element-45e4106f elementor-widget elementor-widget-text-editor\" data-id=\"45e4106f\" data-element_type=\"widget\" data-e-type=\"widget\" data-widget_type=\"text-editor.default\">\n\t\t\t\t<div class=\"elementor-widget-container\">\n\t\t\t\t\t\t\t\t\t\n<p>Nos gusta crear un ambiente de confianza y seguridad con nuestros clientes, que ponen en nuestras manos su imagen, confiando plenamente en nuestro trabajo.<br \/>La idea es hacer una sesi\u00f3n fotogr\u00e1fica creativa, original, de mucha calidad, por eso te guiaremos para lograrlo y tener los mejores resultados en cada toma.<\/p>\n\n<h3 class=\"wp-block-heading\"><span style=\"color: #1b88b7;\"><strong>\u00bfC\u00f3mo contrato mi sesi\u00f3n?<\/strong><\/span><\/h3>\n\n<p>Cont\u00e1ctanos v\u00eda WhatsApp, telef\u00f3nica o e-mail para informarnos sobre el paquete que deseas tomar y programa la fecha y hora de la sesi\u00f3n fotogr\u00e1fica.<br \/>Ap\u00e1rtala con $500.00 de anticipo (dep\u00f3sito, transferencia o en efectivo, por lo menos 3 d\u00edas antes).<\/p>\n\n<p>El 100% restante del honorario fotogr\u00e1fico debe ser liquidado el d\u00eda de la sesi\u00f3n, al finalizar.<\/p>\n\n<h3 class=\"wp-block-heading\"><span style=\"color: #1b88b7;\"><strong>\u00bfC\u00f3mo ir y qu\u00e9 llevar a mi sesi\u00f3n?<\/strong><\/span><\/h3>\n\n<p>Cambios de ropa agendados.<br \/>Cabello y maquillaje b\u00e1sico (nada recargado).<\/p>\n\n<h3 class=\"wp-block-heading\"><span style=\"color: #1b88b7;\"><strong>\u00bfC\u00f3mo y cu\u00e1ndo se entregan las fotograf\u00edas terminadas?<\/strong><\/span><\/h3>\n\n<p>A m\u00e1s tardar 3 d\u00edas despu\u00e9s que eligas las fotos que m\u00e1s te gusten para la edici\u00f3n y esas fotos ser\u00e1n las que se entreguen (seg\u00fan el paquete contratado), a trav\u00e9s de un link de Dropbox.<\/p>\n\t\t\t\t\t\t\t\t<\/div>\n\t\t\t\t<\/div>\n\t\t\t\t\t<\/div>\n\t\t<\/div>\n\t\t\t\t\t<\/div>\n\t\t<\/section>\n\t\t\t\t<section class=\"elementor-section elementor-top-section elementor-element elementor-element-1e82424 elementor-section-boxed elementor-section-height-default elementor-section-height-default\" data-id=\"1e82424\" data-element_type=\"section\" data-e-type=\"section\">\n\t\t\t\t\t\t<div class=\"elementor-container elementor-column-gap-default\">\n\t\t\t\t\t<div class=\"elementor-column elementor-col-50 elementor-top-column elementor-element elementor-element-2b609cb\" data-id=\"2b609cb\" data-element_type=\"column\" data-e-type=\"column\">\n\t\t\t<div class=\"elementor-widget-wrap elementor-element-populated\">\n\t\t\t\t\t\t<div class=\"elementor-element elementor-element-d6e7046 elementor-widget elementor-widget-text-editor\" data-id=\"d6e7046\" data-element_type=\"widget\" data-e-type=\"widget\" data-widget_type=\"text-editor.default\">\n\t\t\t\t<div class=\"elementor-widget-container\">\n\t\t\t\t\t\t\t\t\t<p>En estudio<\/p>\t\t\t\t\t\t\t\t<\/div>\n\t\t\t\t<\/div>\n\t\t\t\t<div class=\"elementor-element elementor-element-d0a29ec elementor-position-top elementor-widget elementor-widget-image-box\" data-id=\"d0a29ec\" data-element_type=\"widget\" data-e-type=\"widget\" data-widget_type=\"image-box.default\">\n\t\t\t\t<div class=\"elementor-widget-container\">\n\t\t\t\t\t<div class=\"elementor-image-box-wrapper\"><figure class=\"elementor-image-box-img\"><img fetchpriority=\"high\" decoding=\"async\" width=\"192\" height=\"300\" src=\"https:\/\/estudiolotus.com\/fotografo\/wp-content\/uploads\/2019\/11\/IMG_6528-Editar-192x300.jpg\" class=\"attachment-medium size-medium wp-image-122\" alt=\"fotografo\" srcset=\"https:\/\/estudiolotus.com\/fotografo\/wp-content\/uploads\/2019\/11\/IMG_6528-Editar-192x300.jpg 192w, https:\/\/estudiolotus.com\/fotografo\/wp-content\/uploads\/2019\/11\/IMG_6528-Editar-768x1200.jpg 768w, https:\/\/estudiolotus.com\/fotografo\/wp-content\/uploads\/2019\/11\/IMG_6528-Editar-655x1024.jpg 655w, https:\/\/estudiolotus.com\/fotografo\/wp-content\/uploads\/2019\/11\/IMG_6528-Editar.jpg 1000w\" sizes=\"(max-width: 192px) 100vw, 192px\" \/><\/figure><div class=\"elementor-image-box-content\"><h3 class=\"elementor-image-box-title\">PAQUETE 1 $800<\/h3><p class=\"elementor-image-box-description\">Duraci\u00f3n: 1 hora\n4 Fotograf\u00edas finales editadas en alta resoluci\u00f3n con retoque fotogr\u00e1fico detallado.\n2 cambios de ropa, m\u00e1ximo.<\/p><\/div><\/div>\t\t\t\t<\/div>\n\t\t\t\t<\/div>\n\t\t\t\t\t<\/div>\n\t\t<\/div>\n\t\t\t\t<div class=\"elementor-column elementor-col-50 elementor-top-column elementor-element elementor-element-120040a\" data-id=\"120040a\" data-element_type=\"column\" data-e-type=\"column\">\n\t\t\t<div class=\"elementor-widget-wrap elementor-element-populated\">\n\t\t\t\t\t\t<div class=\"elementor-element elementor-element-af9c21a elementor-widget elementor-widget-text-editor\" data-id=\"af9c21a\" data-element_type=\"widget\" data-e-type=\"widget\" data-widget_type=\"text-editor.default\">\n\t\t\t\t<div class=\"elementor-widget-container\">\n\t\t\t\t\t\t\t\t\t<p>En estudio<\/p>\t\t\t\t\t\t\t\t<\/div>\n\t\t\t\t<\/div>\n\t\t\t\t<div class=\"elementor-element elementor-element-7dddb4d elementor-position-top elementor-widget elementor-widget-image-box\" data-id=\"7dddb4d\" data-element_type=\"widget\" data-e-type=\"widget\" data-widget_type=\"image-box.default\">\n\t\t\t\t<div class=\"elementor-widget-container\">\n\t\t\t\t\t<div class=\"elementor-image-box-wrapper\"><figure class=\"elementor-image-box-img\"><img decoding=\"async\" width=\"1000\" height=\"1385\" src=\"https:\/\/estudiolotus.com\/fotografo\/wp-content\/uploads\/2019\/11\/DSC05306-Editar.jpg\" class=\"attachment-full size-full wp-image-97\" alt=\"\" srcset=\"https:\/\/estudiolotus.com\/fotografo\/wp-content\/uploads\/2019\/11\/DSC05306-Editar.jpg 1000w, https:\/\/estudiolotus.com\/fotografo\/wp-content\/uploads\/2019\/11\/DSC05306-Editar-217x300.jpg 217w, https:\/\/estudiolotus.com\/fotografo\/wp-content\/uploads\/2019\/11\/DSC05306-Editar-768x1064.jpg 768w, https:\/\/estudiolotus.com\/fotografo\/wp-content\/uploads\/2019\/11\/DSC05306-Editar-739x1024.jpg 739w\" sizes=\"(max-width: 1000px) 100vw, 1000px\" \/><\/figure><div class=\"elementor-image-box-content\"><h3 class=\"elementor-image-box-title\">PAQUETE 2 $2,000<\/h3><p class=\"elementor-image-box-description\">Duraci\u00f3n: 1 hora\n10 Fotograf\u00edas finales editadas en alta resoluci\u00f3n con retoque fotogr\u00e1fico detallado.\n2 cambios de ropa, m\u00e1ximo.<\/p><\/div><\/div>\t\t\t\t<\/div>\n\t\t\t\t<\/div>\n\t\t\t\t\t<\/div>\n\t\t<\/div>\n\t\t\t\t\t<\/div>\n\t\t<\/section>\n\t\t\t\t<section class=\"elementor-section elementor-top-section elementor-element elementor-element-c08e694 elementor-section-boxed elementor-section-height-default elementor-section-height-default\" data-id=\"c08e694\" data-element_type=\"section\" data-e-type=\"section\">\n\t\t\t\t\t\t<div class=\"elementor-container elementor-column-gap-default\">\n\t\t\t\t\t<div class=\"elementor-column elementor-col-100 elementor-top-column elementor-element elementor-element-049d1e2\" data-id=\"049d1e2\" data-element_type=\"column\" data-e-type=\"column\">\n\t\t\t<div class=\"elementor-widget-wrap elementor-element-populated\">\n\t\t\t\t\t\t<div class=\"elementor-element elementor-element-21e767c elementor-widget-divider--view-line elementor-widget elementor-widget-divider\" data-id=\"21e767c\" data-element_type=\"widget\" data-e-type=\"widget\" data-widget_type=\"divider.default\">\n\t\t\t\t<div class=\"elementor-widget-container\">\n\t\t\t\t\t\t\t<div class=\"elementor-divider\">\n\t\t\t<span class=\"elementor-divider-separator\">\n\t\t\t\t\t\t<\/span>\n\t\t<\/div>\n\t\t\t\t\t\t<\/div>\n\t\t\t\t<\/div>\n\t\t\t\t\t<\/div>\n\t\t<\/div>\n\t\t\t\t\t<\/div>\n\t\t<\/section>\n\t\t\t\t<section class=\"elementor-section elementor-top-section elementor-element elementor-element-504385b elementor-section-boxed elementor-section-height-default elementor-section-height-default\" data-id=\"504385b\" data-element_type=\"section\" data-e-type=\"section\">\n\t\t\t\t\t\t<div class=\"elementor-container elementor-column-gap-default\">\n\t\t\t\t\t<div class=\"elementor-column elementor-col-50 elementor-top-column elementor-element elementor-element-159e804\" data-id=\"159e804\" data-element_type=\"column\" data-e-type=\"column\">\n\t\t\t<div class=\"elementor-widget-wrap elementor-element-populated\">\n\t\t\t\t\t\t<div class=\"elementor-element elementor-element-71f0ce9 elementor-widget elementor-widget-text-editor\" data-id=\"71f0ce9\" data-element_type=\"widget\" data-e-type=\"widget\" data-widget_type=\"text-editor.default\">\n\t\t\t\t<div class=\"elementor-widget-container\">\n\t\t\t\t\t\t\t\t\t<p>Estudio o locaci\u00f3n<\/p>\t\t\t\t\t\t\t\t<\/div>\n\t\t\t\t<\/div>\n\t\t\t\t<div class=\"elementor-element elementor-element-8ceca1e elementor-position-top elementor-widget elementor-widget-image-box\" data-id=\"8ceca1e\" data-element_type=\"widget\" data-e-type=\"widget\" data-widget_type=\"image-box.default\">\n\t\t\t\t<div class=\"elementor-widget-container\">\n\t\t\t\t\t<div class=\"elementor-image-box-wrapper\"><figure class=\"elementor-image-box-img\"><img decoding=\"async\" width=\"207\" height=\"300\" src=\"https:\/\/estudiolotus.com\/fotografo\/wp-content\/uploads\/2019\/11\/IMG_6806-Editar-3-207x300.jpg\" class=\"attachment-medium size-medium wp-image-124\" alt=\"fotografo\" srcset=\"https:\/\/estudiolotus.com\/fotografo\/wp-content\/uploads\/2019\/11\/IMG_6806-Editar-3-207x300.jpg 207w, https:\/\/estudiolotus.com\/fotografo\/wp-content\/uploads\/2019\/11\/IMG_6806-Editar-3-768x1113.jpg 768w, https:\/\/estudiolotus.com\/fotografo\/wp-content\/uploads\/2019\/11\/IMG_6806-Editar-3-707x1024.jpg 707w, https:\/\/estudiolotus.com\/fotografo\/wp-content\/uploads\/2019\/11\/IMG_6806-Editar-3.jpg 1000w\" sizes=\"(max-width: 207px) 100vw, 207px\" \/><\/figure><div class=\"elementor-image-box-content\"><h3 class=\"elementor-image-box-title\">PAQUETE 2 $ 3,500<\/h3><p class=\"elementor-image-box-description\">Duraci\u00f3n: 2 horas\n 20 Fotograf\u00edas finales editadas en alta resoluci\u00f3n con retoque fotogr\u00e1fico detallado.\n4 cambios de ropa, m\u00e1ximo.<\/p><\/div><\/div>\t\t\t\t<\/div>\n\t\t\t\t<\/div>\n\t\t\t\t\t<\/div>\n\t\t<\/div>\n\t\t\t\t<div class=\"elementor-column elementor-col-50 elementor-top-column elementor-element elementor-element-9c6eef7\" data-id=\"9c6eef7\" data-element_type=\"column\" data-e-type=\"column\">\n\t\t\t<div class=\"elementor-widget-wrap elementor-element-populated\">\n\t\t\t\t\t\t<div class=\"elementor-element elementor-element-a68d0e9 elementor-widget elementor-widget-text-editor\" data-id=\"a68d0e9\" data-element_type=\"widget\" data-e-type=\"widget\" data-widget_type=\"text-editor.default\">\n\t\t\t\t<div class=\"elementor-widget-container\">\n\t\t\t\t\t\t\t\t\t<p>Estudio o locaci\u00f3n<\/p>\t\t\t\t\t\t\t\t<\/div>\n\t\t\t\t<\/div>\n\t\t\t\t<div class=\"elementor-element elementor-element-ac84e8b elementor-position-top elementor-widget elementor-widget-image-box\" data-id=\"ac84e8b\" data-element_type=\"widget\" data-e-type=\"widget\" data-widget_type=\"image-box.default\">\n\t\t\t\t<div class=\"elementor-widget-container\">\n\t\t\t\t\t<div class=\"elementor-image-box-wrapper\"><figure class=\"elementor-image-box-img\"><img loading=\"lazy\" decoding=\"async\" width=\"1000\" height=\"1500\" src=\"https:\/\/estudiolotus.com\/fotografo\/wp-content\/uploads\/2019\/11\/DSC09222-Editar.jpg\" class=\"attachment-full size-full wp-image-102\" alt=\"fotografo\" srcset=\"https:\/\/estudiolotus.com\/fotografo\/wp-content\/uploads\/2019\/11\/DSC09222-Editar.jpg 1000w, https:\/\/estudiolotus.com\/fotografo\/wp-content\/uploads\/2019\/11\/DSC09222-Editar-200x300.jpg 200w, https:\/\/estudiolotus.com\/fotografo\/wp-content\/uploads\/2019\/11\/DSC09222-Editar-768x1152.jpg 768w, https:\/\/estudiolotus.com\/fotografo\/wp-content\/uploads\/2019\/11\/DSC09222-Editar-683x1024.jpg 683w\" sizes=\"(max-width: 1000px) 100vw, 1000px\" \/><\/figure><div class=\"elementor-image-box-content\"><h3 class=\"elementor-image-box-title\">PAQUETE 3 $7,000<\/h3><p class=\"elementor-image-box-description\">Duraci\u00f3n: 4 horas 50 Fotograf\u00edas finales editadas en alta resoluci\u00f3n con retoque fotogr\u00e1fico detallado\n7 cambios de ropa, m\u00e1ximo.\nMaquillaje y peinado profesional.<\/p><\/div><\/div>\t\t\t\t<\/div>\n\t\t\t\t<\/div>\n\t\t\t\t\t<\/div>\n\t\t<\/div>\n\t\t\t\t\t<\/div>\n\t\t<\/section>\n\t\t\t\t<section class=\"elementor-section elementor-top-section elementor-element elementor-element-06f06a4 elementor-section-stretched elementor-section-full_width elementor-section-height-default elementor-section-height-default\" data-id=\"06f06a4\" data-element_type=\"section\" data-e-type=\"section\" data-settings=\"{&quot;stretch_section&quot;:&quot;section-stretched&quot;}\">\n\t\t\t\t\t\t<div class=\"elementor-container elementor-column-gap-default\">\n\t\t\t\t\t<div class=\"elementor-column elementor-col-100 elementor-top-column elementor-element elementor-element-0157bf3\" data-id=\"0157bf3\" data-element_type=\"column\" data-e-type=\"column\">\n\t\t\t<div class=\"elementor-widget-wrap elementor-element-populated\">\n\t\t\t\t\t\t<div class=\"elementor-element elementor-element-ecdccdd elementor-widget-divider--view-line elementor-widget elementor-widget-divider\" data-id=\"ecdccdd\" data-element_type=\"widget\" data-e-type=\"widget\" data-widget_type=\"divider.default\">\n\t\t\t\t<div class=\"elementor-widget-container\">\n\t\t\t\t\t\t\t<div class=\"elementor-divider\">\n\t\t\t<span class=\"elementor-divider-separator\">\n\t\t\t\t\t\t<\/span>\n\t\t<\/div>\n\t\t\t\t\t\t<\/div>\n\t\t\t\t<\/div>\n\t\t\t\t\t<\/div>\n\t\t<\/div>\n\t\t\t\t\t<\/div>\n\t\t<\/section>\n\t\t\t\t<section class=\"elementor-section elementor-top-section elementor-element elementor-element-193dd09 elementor-section-stretched elementor-section-boxed elementor-section-height-default elementor-section-height-default\" data-id=\"193dd09\" data-element_type=\"section\" data-e-type=\"section\" data-settings=\"{&quot;stretch_section&quot;:&quot;section-stretched&quot;,&quot;background_background&quot;:&quot;classic&quot;}\">\n\t\t\t\t\t\t<div class=\"elementor-container elementor-column-gap-default\">\n\t\t\t\t\t<div class=\"elementor-column elementor-col-100 elementor-top-column elementor-element elementor-element-b691502\" data-id=\"b691502\" data-element_type=\"column\" data-e-type=\"column\">\n\t\t\t<div class=\"elementor-widget-wrap elementor-element-populated\">\n\t\t\t\t\t\t<div class=\"elementor-element elementor-element-172e934 elementor-widget elementor-widget-text-editor\" data-id=\"172e934\" data-element_type=\"widget\" data-e-type=\"widget\" data-widget_type=\"text-editor.default\">\n\t\t\t\t<div class=\"elementor-widget-container\">\n\t\t\t\t\t\t\t\t\t<p><span style=\"color: #1b88b7;\">Si quieres m\u00e1s informaci\u00f3n sobre la sesi\u00f3n o deseas contratar , puedes contactarnos a trav\u00e9s de este formulario.<\/span><\/p>\t\t\t\t\t\t\t\t<\/div>\n\t\t\t\t<\/div>\n\t\t\t\t<div class=\"elementor-element elementor-element-12da957 elementor-widget elementor-widget-shortcode\" data-id=\"12da957\" data-element_type=\"widget\" data-e-type=\"widget\" data-widget_type=\"shortcode.default\">\n\t\t\t\t<div class=\"elementor-widget-container\">\n\t\t\t\t\t\t\t<div class=\"elementor-shortcode\">\n<div class=\"wpcf7 no-js\" id=\"wpcf7-f227-o1\" lang=\"es-ES\" dir=\"ltr\" data-wpcf7-id=\"227\">\n<div class=\"screen-reader-response\"><p role=\"status\" aria-live=\"polite\" aria-atomic=\"true\"><\/p> <ul><\/ul><\/div>\n<form action=\"\/fotografo\/wp-json\/wp\/v2\/pages\/217#wpcf7-f227-o1\" method=\"post\" class=\"wpcf7-form init\" aria-label=\"Formulario de contacto\" novalidate=\"novalidate\" data-status=\"init\">\n<fieldset class=\"hidden-fields-container\"><input type=\"hidden\" name=\"_wpcf7\" value=\"227\" \/><input type=\"hidden\" name=\"_wpcf7_version\" value=\"6.1.5\" \/><input type=\"hidden\" name=\"_wpcf7_locale\" value=\"es_ES\" \/><input type=\"hidden\" name=\"_wpcf7_unit_tag\" value=\"wpcf7-f227-o1\" \/><input type=\"hidden\" name=\"_wpcf7_container_post\" value=\"0\" \/><input type=\"hidden\" name=\"_wpcf7_posted_data_hash\" value=\"\" \/><input type=\"hidden\" name=\"_wpcf7_recaptcha_response\" value=\"\" \/>\n<\/fieldset>\n<p><label> Tu nombre (requerido)<br \/>\n<span class=\"wpcf7-form-control-wrap\" data-name=\"your-name\"><input size=\"40\" maxlength=\"400\" class=\"wpcf7-form-control wpcf7-text wpcf7-validates-as-required\" aria-required=\"true\" aria-invalid=\"false\" value=\"\" type=\"text\" name=\"your-name\" \/><\/span> <\/label>\n<\/p>\n<p><label> Tu correo electr\u00f3nico (requerido)<br \/>\n<span class=\"wpcf7-form-control-wrap\" data-name=\"your-email\"><input size=\"40\" maxlength=\"400\" class=\"wpcf7-form-control wpcf7-email wpcf7-validates-as-required wpcf7-text wpcf7-validates-as-email\" aria-required=\"true\" aria-invalid=\"false\" value=\"\" type=\"email\" name=\"your-email\" \/><\/span> <\/label>\n<\/p>\n<p><label> Asunto<br \/>\n<span class=\"wpcf7-form-control-wrap\" data-name=\"your-subject\"><input size=\"40\" maxlength=\"400\" class=\"wpcf7-form-control wpcf7-text\" aria-invalid=\"false\" value=\"\" type=\"text\" name=\"your-subject\" \/><\/span> <\/label>\n<\/p>\n<p><label> Tu mensaje<br \/>\n<span class=\"wpcf7-form-control-wrap\" data-name=\"your-message\"><textarea cols=\"40\" rows=\"10\" maxlength=\"2000\" class=\"wpcf7-form-control wpcf7-textarea\" aria-invalid=\"false\" name=\"your-message\"><\/textarea><\/span> <\/label>\n<\/p>\n<p><input class=\"wpcf7-form-control wpcf7-submit has-spinner\" type=\"submit\" value=\"Enviar\" \/>\n<\/p><div class=\"wpcf7-response-output\" aria-hidden=\"true\"><\/div>\n<\/form>\n<\/div>\n<\/div>\n\t\t\t\t\t\t<\/div>\n\t\t\t\t<\/div>\n\t\t\t\t\t<\/div>\n\t\t<\/div>\n\t\t\t\t\t<\/div>\n\t\t<\/section>\n\t\t\t\t<section class=\"elementor-section elementor-top-section elementor-element elementor-element-2d6abf5 elementor-section-boxed elementor-section-height-default elementor-section-height-default\" data-id=\"2d6abf5\" data-element_type=\"section\" data-e-type=\"section\">\n\t\t\t\t\t\t<div class=\"elementor-container elementor-column-gap-default\">\n\t\t\t\t\t<div class=\"elementor-column elementor-col-100 elementor-top-column elementor-element elementor-element-9a90914\" data-id=\"9a90914\" data-element_type=\"column\" data-e-type=\"column\">\n\t\t\t<div class=\"elementor-widget-wrap\">\n\t\t\t\t\t\t\t<\/div>\n\t\t<\/div>\n\t\t\t\t\t<\/div>\n\t\t<\/section>\n\t\t\t\t<\/div>\n\t\t","protected":false},"excerpt":{"rendered":"<p>Nos gusta crear un ambiente de confianza y seguridad con nuestros clientes, que ponen en nuestras manos su imagen, confiando plenamente en nuestro trabajo.La idea es hacer una sesi\u00f3n fotogr\u00e1fica creativa, original, de mucha calidad, por eso te guiaremos para lograrlo y tener los mejores resultados en cada toma. \u00bfC\u00f3mo contrato mi sesi\u00f3n? Cont\u00e1ctanos v\u00eda &#8230; <a title=\"Sesi\u00f3n de fotos\" class=\"read-more\" href=\"https:\/\/estudiolotus.com\/fotografo\/paquete-de-book\/\">Read more<\/a><\/p>\n","protected":false},"author":1,"featured_media":0,"parent":0,"menu_order":0,"comment_status":"closed","ping_status":"closed","template":"","meta":{"footnotes":""},"class_list":["post-217","page","type-page","status-publish"],"_links":{"self":[{"href":"https:\/\/estudiolotus.com\/fotografo\/wp-json\/wp\/v2\/pages\/217","targetHints":{"allow":["GET"]}}],"collection":[{"href":"https:\/\/estudiolotus.com\/fotografo\/wp-json\/wp\/v2\/pages"}],"about":[{"href":"https:\/\/estudiolotus.com\/fotografo\/wp-json\/wp\/v2\/types\/page"}],"author":[{"embeddable":true,"href":"https:\/\/estudiolotus.com\/fotografo\/wp-json\/wp\/v2\/users\/1"}],"replies":[{"embeddable":true,"href":"https:\/\/estudiolotus.com\/fotografo\/wp-json\/wp\/v2\/comments?post=217"}],"version-history":[{"count":21,"href":"https:\/\/estudiolotus.com\/fotografo\/wp-json\/wp\/v2\/pages\/217\/revisions"}],"predecessor-version":[{"id":331,"href":"https:\/\/estudiolotus.com\/fotografo\/wp-json\/wp\/v2\/pages\/217\/revisions\/331"}],"wp:attachment":[{"href":"https:\/\/estudiolotus.com\/fotografo\/wp-json\/wp\/v2\/media?parent=217"}],"curies":[{"name":"wp","href":"https:\/\/api.w.org\/{rel}","templated":true}]}}