{"id":22,"date":"2019-10-30T15:56:11","date_gmt":"2019-10-30T15:56:11","guid":{"rendered":"http:\/\/estudiolotus.com\/fotografo\/?page_id=22"},"modified":"2021-03-14T00:19:39","modified_gmt":"2021-03-13T16:19:39","slug":"quienes-somos","status":"publish","type":"page","link":"https:\/\/estudiolotus.com\/fotografo\/quienes-somos\/","title":{"rendered":"\u00bfQui\u00e9nes somos?"},"content":{"rendered":"\t\t<div data-elementor-type=\"wp-page\" data-elementor-id=\"22\" class=\"elementor elementor-22\">\n\t\t\t\t\t\t<section class=\"elementor-section elementor-top-section elementor-element elementor-element-26c94e6 elementor-section-boxed elementor-section-height-default elementor-section-height-default\" data-id=\"26c94e6\" data-element_type=\"section\" data-e-type=\"section\">\n\t\t\t\t\t\t<div class=\"elementor-container elementor-column-gap-default\">\n\t\t\t\t\t<div class=\"elementor-column elementor-col-50 elementor-top-column elementor-element elementor-element-07f63ef\" data-id=\"07f63ef\" data-element_type=\"column\" data-e-type=\"column\">\n\t\t\t<div class=\"elementor-widget-wrap elementor-element-populated\">\n\t\t\t\t\t\t<div class=\"elementor-element elementor-element-ce6079f elementor-invisible elementor-widget elementor-widget-text-editor\" data-id=\"ce6079f\" data-element_type=\"widget\" data-e-type=\"widget\" data-settings=\"{&quot;_animation&quot;:&quot;fadeInLeft&quot;}\" data-widget_type=\"text-editor.default\">\n\t\t\t\t<div class=\"elementor-widget-container\">\n\t\t\t\t\t\t\t\t\t<h5>Tenemos m\u00e1s de 15 a\u00f1os de experiencia en el ramo, contamos con el mejor equipo humano y tecnol\u00f3gico. Garantizamos una total satisfacci\u00f3n de nuestros clientes.<br \/>Ofrecemos un trato amable y personalizado en cada uno de los proyectos que realizamos.<\/h5><p><span style=\"color: #99ccff;\"><strong>Ofrecemos servicio de:<\/strong><\/span><br \/>\u2022 Sesiones de estudio<br \/>\u2022 Bautizos<br \/>\u2022 XV a\u00f1os<br \/>\u2022 Bodas<br \/>\u2022 Eventos sociales<br \/>\u2022 Fashion<br \/>\u2022 Books<br \/>\u2022 Intercambios<\/p>\t\t\t\t\t\t\t\t<\/div>\n\t\t\t\t<\/div>\n\t\t\t\t\t<\/div>\n\t\t<\/div>\n\t\t\t\t<div class=\"elementor-column elementor-col-50 elementor-top-column elementor-element elementor-element-12e572a\" data-id=\"12e572a\" data-element_type=\"column\" data-e-type=\"column\">\n\t\t\t<div class=\"elementor-widget-wrap elementor-element-populated\">\n\t\t\t\t\t\t<div class=\"elementor-element elementor-element-0528889 elementor-invisible elementor-widget elementor-widget-image\" data-id=\"0528889\" data-element_type=\"widget\" data-e-type=\"widget\" data-settings=\"{&quot;_animation&quot;:&quot;fadeInRight&quot;}\" data-widget_type=\"image.default\">\n\t\t\t\t<div class=\"elementor-widget-container\">\n\t\t\t\t\t\t\t\t\t\t\t\t\t\t\t<img fetchpriority=\"high\" decoding=\"async\" width=\"1024\" height=\"584\" src=\"https:\/\/estudiolotus.com\/fotografo\/wp-content\/uploads\/2019\/11\/DSC06660-Editar-1024x584.jpg\" class=\"attachment-large size-large wp-image-69\" alt=\"\" srcset=\"https:\/\/estudiolotus.com\/fotografo\/wp-content\/uploads\/2019\/11\/DSC06660-Editar-1024x584.jpg 1024w, https:\/\/estudiolotus.com\/fotografo\/wp-content\/uploads\/2019\/11\/DSC06660-Editar-300x171.jpg 300w, https:\/\/estudiolotus.com\/fotografo\/wp-content\/uploads\/2019\/11\/DSC06660-Editar-768x438.jpg 768w\" sizes=\"(max-width: 1024px) 100vw, 1024px\" \/>\t\t\t\t\t\t\t\t\t\t\t\t\t\t\t<\/div>\n\t\t\t\t<\/div>\n\t\t\t\t\t<\/div>\n\t\t<\/div>\n\t\t\t\t\t<\/div>\n\t\t<\/section>\n\t\t\t\t<\/div>\n\t\t","protected":false},"excerpt":{"rendered":"<p>Tenemos m\u00e1s de 15 a\u00f1os de experiencia en el ramo, contamos con el mejor equipo humano y tecnol\u00f3gico. Garantizamos una total satisfacci\u00f3n de nuestros clientes.Ofrecemos un trato amable y personalizado en cada uno de los proyectos que realizamos. Ofrecemos servicio de:\u2022 Sesiones de estudio\u2022 Bautizos\u2022 XV a\u00f1os\u2022 Bodas\u2022 Eventos sociales\u2022 Fashion\u2022 Books\u2022 Intercambios<\/p>\n","protected":false},"author":1,"featured_media":0,"parent":0,"menu_order":0,"comment_status":"closed","ping_status":"closed","template":"","meta":{"footnotes":""},"class_list":["post-22","page","type-page","status-publish"],"_links":{"self":[{"href":"https:\/\/estudiolotus.com\/fotografo\/wp-json\/wp\/v2\/pages\/22","targetHints":{"allow":["GET"]}}],"collection":[{"href":"https:\/\/estudiolotus.com\/fotografo\/wp-json\/wp\/v2\/pages"}],"about":[{"href":"https:\/\/estudiolotus.com\/fotografo\/wp-json\/wp\/v2\/types\/page"}],"author":[{"embeddable":true,"href":"https:\/\/estudiolotus.com\/fotografo\/wp-json\/wp\/v2\/users\/1"}],"replies":[{"embeddable":true,"href":"https:\/\/estudiolotus.com\/fotografo\/wp-json\/wp\/v2\/comments?post=22"}],"version-history":[{"count":28,"href":"https:\/\/estudiolotus.com\/fotografo\/wp-json\/wp\/v2\/pages\/22\/revisions"}],"predecessor-version":[{"id":479,"href":"https:\/\/estudiolotus.com\/fotografo\/wp-json\/wp\/v2\/pages\/22\/revisions\/479"}],"wp:attachment":[{"href":"https:\/\/estudiolotus.com\/fotografo\/wp-json\/wp\/v2\/media?parent=22"}],"curies":[{"name":"wp","href":"https:\/\/api.w.org\/{rel}","templated":true}]}}